)?
5
Suppose 0 = -2*s + 4 + 10. Suppose -s*c - 36 = -c. What is the tens digit of c/8 - (-870)/40?
2
Suppose -3*q = 13*t - 18*t - 48956, 0 = -4*q + 4*t + 65256. What is the ten thousands digit of q?
1
Let k(b) = -b**3 + 7*b**2 - 5*b - 9. Let z(p) = -5*p - 40. Let j be z(-9). Let f be k(j). Suppose -f*c + 19*c - 207 = 0. What is the units digit of c?
9
Suppose 168*v - 7836 - 34626 = 161*v. What is the units digit of v?
6
What is the ten thousands digit of ((-13030)/4)/((-211)/1266)?
1
Suppose 16*z - 13480 = 17160. Suppose -4*x = 2*c - 766, 0*c + 3*x - z = -5*c. What is the tens digit of c?
8
Suppose -3*g + 0*g = -15. Suppose 0 = g*s + 9 - 24. Suppose -2*q - s*q = 5*c - 60, 5*c - 4*q = 42. What is the tens digit of c?
1
Let j(z) = 2312*z - 826. What is the tens digit of j(4)?
2
Let g be (0 + 0)/(4/12*3). Suppose 3*j + 3*x = g, -x - 1 = 5*j - 5. Suppose w = j, -4*p - 1 = -0*p - 5*w. What is the units digit of p?
1
Suppose 8*l - 660 = -3*l. Suppose 10*o + 5*o = l. Suppose -u + 2*u - 131 = 3*m, -o*u + 524 = -m. What is the tens digit of u?
3
Let q = -43 + 186. Let t be q/(-3)*18/(-3 - 3). What is the hundreds digit of -2*6/(-4) + t?
1
Suppose -34*r + 898361 = -533855. What is the units digit of r?
4
Suppose -70*c + 1571784 + 2342569 - 1006413 = 0. What is the units digit of c?
2
Let z be 2 - 1*(5 - 12). Let k be 3 + -3 + 480 + z/(-3). Suppose d + 2*r - 151 = r, -3*r - k = -3*d. What is the tens digit of d?
5
Suppose 7735 - 27 = 4*g. What is the units digit of g?
7
Suppose -49 = 4*x + 3*x. Let p(h) = h**2 + 7*h - 9. Let v be p(x). Let g(q) = q**2 + 7*q + 1. What is the tens digit of g(v)?
1
Let s(j) = 275*j + 1588. What is the tens digit of s(26)?
3
Let b(r) be the first derivative of -r**3/3 - 15*r**2 + 50*r + 46. What is the units digit of b(-31)?
9
Suppose 6*i - i = -440. Let b(j) = j**3 + 7*j**2 - 8*j - 24. Let a be b(-9). Let c = i - a. What is the tens digit of c?
2
What is the units digit of -3*(9832766/51)/(-19)?
2
Suppose -78 = -26*u + 26. What is the tens digit of u + (-140)/30 + 1310/3?
3
Let c = -219 - 55. Let v = c + 1343. What is the tens digit of v?
6
Suppose 7*s + 31861 - 9981 = 9*s. What is the ten thousands digit of s?
1
Let t(m) = m**3 + 4*m**2 + 6*m + 8. Let u be t(-3). What is the tens digit of -2*(-225 - (-1 - u))?
5
Suppose 4*w - 6181 = 3*y, 3*w - 180*y - 4667 = -184*y. Let f = -682 + w. What is the hundreds digit of f?
8
Suppose 320 = 17*t + 65. Suppose 2*k = -t*k + 27999. What is the hundreds digit of k?
6
Suppose -13*q + 5*q - 24 = 0. What is the units digit of 117*((-18)/q - 5)?
7
Let k(g) = 11*g**2 - 4*g - 152. What is the units digit of k(14)?
8
Suppose b + 20 = 5*b, -2*b = -2*d - 126. Let c = 105 + d. Suppose 0 = -k - 4*l + 5 + c, 4*k + 5*l = 197. What is the units digit of k?
8
Let g = -12420 + 17011. What is the hundreds digit of g?
5
Let p(j) = 5*j**3 - 27*j**2 + 177*j - 2523. What is the ten thousands digit of p(18)?
2
Suppose -220*y + 73 = -165*y - 37. Let k be 562/2 + (2 - 1). Suppose -y*x = -8*x + k. What is the tens digit of x?
4
Let a be ((-3)/(-4))/3*(100 - 100). Suppose 12*h + 21*h - 26862 = a. What is the units digit of h?
4
What is the units digit of (56524/(-156))/((-2)/60)?
0
Suppose 5 = 14*d - 51. What is the units digit of ((-74)/d)/(0 + (-6)/36)?
1
Let l be 813*(16/3 + -4). Suppose 47*w - l = 43*w. What is the tens digit of w?
7
Suppose -9*l - 1 = 26. Let a be 4/(-6) - (44/(-12) - l). Suppose -y + 33 = -3*k, a = -4*y + k + 53 + 35. What is the units digit of y?
1
What is the thousands digit of 3 - 3/(-3) - (486555/(-1))/15?
2
Let h = 165 - 392. Let z = h - -397. What is the tens digit of z?
7
What is the thousands digit of (-2)/(-3) - (-20059670)/1095?
8
Let s(d) = d**3 - 6*d**2 - 2*d - 31. Let v be s(7). Suppose -u + g + 736 = -4*g, 5*u + v*g = 3767. What is the units digit of u?
1
Let n = -4039 + 34879. What is the units digit of n?
0
Suppose -146706 - 51420 = 5*i - 32*i. What is the hundreds digit of i?
3
Suppose 17*x + 5782 = 3*x. Let k = x - -785. What is the tens digit of k?
7
Suppose 84*u = 148*u + 33*u - 1502045. What is the ten thousands digit of u?
1
Suppose -2*y + 10*y = -96. What is the units digit of 2910/4 - y/(-8)?
6
Suppose -31*l + 17*l + 28812 = 0. What is the thousands digit of l?
2
Let n(j) = 19*j**2 - 3*j + 14. Let x be n(3). Suppose 8*g - x - 1448 = 0. What is the units digit of g?
3
Let i(d) = 822*d**2 - 237*d**2 + 418*d**2 - 2*d + 215*d**2 + d. What is the units digit of i(1)?
7
Let k be (4/2)/(-2)*0. Suppose k = y - 25 + 22. Suppose 2*q + y*z - 30 = 0, -4*z + 42 = 3*q - 1. What is the units digit of q?
9
Let q = -197 - -262. What is the units digit of (-15)/(-4) + (-3 - q/(-20))?
4
Let o(s) = 7*s - 3*s - s + 6. Let m be o(5). Suppose 4*d - 3 = m. What is the units digit of d?
6
Let m(p) = -813*p - 420. What is the hundreds digit of m(-7)?
2
Let r be (-3714)/4*(-10)/15. Let o = r + -316. What is the hundreds digit of o?
3
Suppose 3*s + 22 = 28. What is the tens digit of (24/48)/(s/1892)?
7
Suppose 6*a + 3 = -15. Let p(j) be the second derivative of j**4/4 - j**3/3 + 12*j. What is the tens digit of p(a)?
3
Let x = 317 - 307. What is the tens digit of 3645/x - (-1)/(-2)?
6
Suppose 11945 = u + 5*g, 62*g + 47612 = 4*u + 58*g. What is the thousands digit of u?
1
Let x be (2555/10 - (-1)/2) + -2. Let n = -138 + x. What is the tens digit of n?
1
Suppose -5*f - 72 + 52 = 0, -3*v + 4*f = -2386. What is the units digit of v?
0
Let p be -7*(7 + 22316/(-7)). What is the tens digit of (-3)/(-4) - (p/4)/(-7)?
9
Suppose j - 8313 = -2*p + 11488, -3*j = -2*p - 59467. What is the hundreds digit of j?
8
Let w(p) = p**2 - 22*p + 54. Let g be w(4). What is the tens digit of g/(-81) + 46424/72?
4
Let j(g) = g + 24. Let a be j(-13). Suppose -a*x + 14*x - 475 = -2*y, 637 = 4*x - y. What is the hundreds digit of x?
1
Let u(k) be the first derivative of 9*k**2 + 10*k + 7. Let l be u(-3). Let r = -28 - l. What is the tens digit of r?
1
Suppose 8034 = 4*l + 5*p - 15731, -11905 = -2*l + 5*p. What is the thousands digit of l?
5
Let y(r) = r**3 - 4*r**2 - 23*r + 9. Let g be y(7). Let k(h) = -15*h - 9. Let j(x) = -x - 1. Let v(w) = 6*j(w) + k(w). What is the tens digit of v(g)?
9
Suppose i - 879 = -3*a - 3*i, -a = -4*i - 277. Let g = a + -43. What is the hundreds digit of g?
2
Suppose 0 = -16101*n + 16094*n + 11942. What is the tens digit of n?
0
Let w(g) = -g**2 + 2*g + 3. Let a be w(-1). Suppose -279 - 101 = -2*b. Suppose 5*m - 540 + b = a. What is the units digit of m?
0
What is the units digit of 276/690 + (-79974)/(-15)?
2
Let m be (2 + 1)/(36/60). Suppose -m*d + 755 = -0*d. Suppose -3*f + 1 - d = -5*i, 0 = 3*f. What is the units digit of i?
0
What is the hundreds digit of (8/((-8)/15))/(32/(-6304))?
9
Let y(j) = j**3 + 9*j**2 + 5 + 6 + 2893*j - 2915*j - 3. What is the units digit of y(-11)?
8
Suppose 3*t = -3*f + 9864, -6*t - 15604 = -3*f - 5686. What is the tens digit of f?
9
Let s = -4518 - -9115. What is the hundreds digit of s?
5
Let d(q) = -1677*q + 929. What is the thousands digit of d(-7)?
2
What is the thousands digit of 1750/75*1236/10?
2
Suppose 24 = 2*a - 4*f, -5*a + a - 4*f = -72. Suppose 0 = 37*y - a*y - 9471. What is the hundreds digit of y?
4
Let k(j) = 182*j**3 - 4*j**2 - 2*j + 9. Let u(z) = z**2 + 20*z + 66. Let f be u(-16). What is the hundreds digit of k(f)?
4
Let k(p) = 132*p**2 - 31*p - 130. What is the thousands digit of k(15)?
9
Let f = -9129 - -16041. Suppose w + f = 10*w. What is the units digit of w?
8
Let k be (-9540)/(-84) - (-4)/(-7). Let s = -115 + k. What is the hundreds digit of 28/6*(-69)/s?
1
Let b(w) = -w**3 + 3*w**2 + 10*w - 14. Let d be b(4). Suppose -3*n + 1726 = d*u - 6*u, 6 = -3*n. What is the tens digit of u?
3
Suppose -40*f - 8495 = -p - 45*f, 0 = -4*p - 3*f + 34082. What is the tens digit of p?
2
Let i = 34972 + -33114. What is the hundreds digit of i?
8
Let r(z) = 76*z + 5. Let x(b) = 304*b + 18. Let y(q) = -9*r(q) + 2*x(q). What is the units digit of y(-1)?
7
Let u(l) = -l**3 - 8*l**2 + l + 10. Let r be u(-8). Suppose -r*d - 10 = -7*d, -4*k - 156 = -4*d. Let m = k + 77. What is the units digit of m?
0
Suppose -c + o = -2*c + 8530, -25593 = -3*c - 4*o. What is the hundreds digit of c?
5
Suppose 42*a - 11970 = 37*a. Suppose -11*f = 8*f - a. What is the units